, 59, 3709
List the prime factors of 1291800.
2, 3, 5, 2153
What are the prime factors of 143277?
3, 163, 293
What are the prime factors of 158315?
5, 31663
List the prime factors of 628347.
3, 209449
What are the prime factors of 535863?
3, 178621
List the prime factors of 3075380.
2, 5, 7, 11, 1997
What are the prime factors of 4948529?
4948529
What are the prime factors of 2067162?
2, 3, 19, 18133
List the prime factors of 170368.
2, 11
What are the prime factors of 126260?
2, 5, 59, 107
List the prime factors of 2499623.
7, 31, 11519
List the prime factors of 1123812.
2, 3, 19, 31, 53
What are the prime factors of 311108?
2, 7, 41, 271
List the prime factors of 356567.
356567
What are the prime factors of 1830637?
1830637
What are the prime factors of 271325?
5, 10853
List the prime factors of 553568.
2, 17299
What are the prime factors of 131222?
2, 7, 13, 103
List the prime factors of 4717315.
5, 37, 43, 593
What are the prime factors of 2783562?
2, 3, 43, 10789
What are the prime factors of 14242201?
691, 20611
What are the prime factors of 7206276?
2, 3, 7, 11, 709
What are the prime factors of 17233743?
3, 29, 113, 1753
What are the prime factors of 214371?
3, 23819
What are the prime factors of 3151599?
3, 11, 43, 2221
What are the prime factors of 502569?
3, 19, 2939
List the prime factors of 1736021.
7, 71, 499
List the prime factors of 4266014.
2, 17, 125471
What are the prime factors of 2307427?
17, 135731
List the prime factors of 19775908.
2, 37, 47, 2843
What are the prime factors of 16421483?
13, 1263191
What are the prime factors of 881153?
7, 13, 23, 421
What are the prime factors of 11536412?
2, 103, 28001
List the prime factors of 18162573.
3, 11, 13, 42337
What are the prime factors of 4378935?
3, 5, 11, 26539
List the prime factors of 5282050.
2, 5, 149, 709
List the prime factors of 90349.
7, 12907
List the prime factors of 11536809.
3, 29, 132607
What are the prime factors of 1030073?
11, 8513
List the prime factors of 2504890.
2, 5, 250489
List the prime factors of 1000210.
2, 5, 29, 3449
List the prime factors of 2373060.
2, 3, 5, 39551
What are the prime factors of 226836?
2, 3, 6301
What are the prime factors of 443264?
2, 3463
What are the prime factors of 3930958?
2, 181, 10859
What are the prime factors of 35150889?
3, 2207, 5309
What are the prime factors of 170792?
2, 37, 577
What are the prime factors of 2104086?
2, 3, 23, 79, 193
What are the prime factors of 363923?
7, 1061
What are the prime factors of 569966?
2, 29, 31, 317
List the prime factors of 395049.
3, 37, 3559
List the prime factors of 10176531.
3, 229, 14813
What are the prime factors of 711743?
733, 971
List the prime factors of 1402842.
2, 3, 7, 127, 263
What are the prime factors of 1799882?
2, 7, 128563
List the prime factors of 25070616.
2, 3, 29, 12007
What are the prime factors of 1861994?
2, 277, 3361
List the prime factors of 1371880.
2, 5, 34297
List the prime factors of 2550728.
2, 318841
What are the prime factors of 27093607?
83, 197, 1657
List the prime factors of 998144.
2, 7, 557
List the prime factors of 24853.
29, 857
List the prime factors of 1170900.
2, 3, 5, 1301
What are the prime factors of 2568934?
2, 1284467
List the prime factors of 3722255.
5, 744451
What are the prime factors of 1076631?
3, 358877
List the prime factors of 162453.
3, 54151
List the prime factors of 210288.
2, 3, 13, 337
List the prime factors of 5218214.
2, 2609107
What are the prime factors of 177687?
3, 6581
List the prime factors of 4457538.
2, 3, 23, 37, 97
List the prime factors of 186999.
3, 83, 751
What are the prime factors of 407236?
2, 61, 1669
What are the prime factors of 3697073?
3697073
What are the prime factors of 3111840?
2, 3, 5, 2161
List the prime factors of 1495798.
2, 43, 17393
List the prime factors of 7463057.
7, 331, 3221
List the prime factors of 3002852.
2, 750713
What are the prime factors of 1273910?
2, 5, 11, 37, 313
List the prime factors of 7109136.
2, 3, 49369
What are the prime factors of 308160?
2, 3, 5, 107
What are the prime factors of 445524?
2, 3, 137, 271
List the prime factors of 154046.
2, 77023
What are the prime factors of 30393724?
2, 37, 137, 1499
What are the prime factors of 14617647?
3, 11, 31, 433
List the prime factors of 2346303.
3, 29, 149, 181
What are the prime factors of 785515?
5, 157103
What are the prime factors of 1045266?
2, 3, 19, 53, 173
List the prime factors of 82206.
2, 3, 4567
What are the prime factors of 338504?
2, 17, 19, 131
What are the prime factors of 18635390?
2, 5, 19, 98081
List the prime factors of 1097046.
2, 3, 59, 1033
List the prime factors of 330972.
2, 3, 27581
What are the prime factors of 449828?
2, 107, 1051
List the prime factors of 3999520.
2, 5, 7, 3571
List the prime factors of 194894.
2, 7, 13921
What are the prime factors of 4752503?
7, 17, 39937
What are the prime factors of 23002952?
2, 7, 83, 101
What are the prime factors of 8998118?
2, 4499059
What are the prime factors of 22825?
5, 11, 83
List the prime factors of 8028310.
2, 5, 802831
What are the prime factors of 8184517?
11, 137, 5431
What are the prime factors of 3179947?
53, 59999
List the prime factors of 326292.
2, 3, 27191
What are the prime factors of 10546772?
2, 173, 15241
What are the prime factors of 3802722?
2, 3, 7, 11, 8231
List the prime factors of 9493854.
2, 3, 17, 93077
What are the prime factors of 3603127?
11, 327557
List the prime factors of 2306362.
2, 73, 15797
What are the prime factors of 391817?
391817
List the prime factors of 262022.
2, 131011
What are the prime factors of 8525275?
5, 11, 29, 1069
What are the prime factors of 20123763?
3, 11, 379, 1609
List the prime factors of 60176.
2, 3761
List the prime factors of 607301.
607301
List the prime factors of 781202.
2, 29, 13469
List the prime factors of 5202405.
3, 5, 13, 8893
List the prime factors of 8519866.
2, 19, 139, 1613
List the prime factors of 4487460.
2, 3, 5, 29, 2579
List the prime factors of 4591249.
13, 353173
List the prime factors of 20781219.
3, 41, 107, 1579
List the prime factors of 18180076.
2, 241, 18859
List the prime factors of 1890558.
2, 3, 105031
What are the prime factors of 572019?
3, 7, 27239
List the prime factors of 512832.
2, 3, 2671
List the prime factors of 1225187.
23, 53269
List the prime factors of 22491662.
2, 47, 239273
List the prime factors of 900826.
2, 450413
List the prime factors of 7573025.
5, 302921
What are the prime factors of 943870?
2, 5, 37, 2551
What are the prime factors of 4852271?
4852271
What are the prime factors of 30734179?
7, 61, 167, 431
What are the prime factors of 4089614?
2, 761, 2687
What are the prime factors of 540049?
509, 1061
List the prime factors of 15543626.
2, 7, 37, 811
What are the prime factors of 5707292?
2, 181, 7883
List the prime factors of 1372950.
2, 3, 5, 113
List the prime factors of 241916.
2, 197, 307
List the prime factors of 2291485.
5, 7, 47, 199
List the prime factors of 251156.
2, 37, 1697
List the prime factors of 163388.
2, 40847
List the prime factors of 231726.
2, 3, 11, 3511
What are the prime factors of 5939895?
3, 5, 13, 83, 367
What are the prime factors of 38885?
5, 7, 11, 101
What are the prime factors of 322686?
2, 3, 7, 13, 197
What are the prime factors of 9343?
9343
What are the prime factors of 582937?
582937
What are the prime factors of 12370212?
2, 3, 47, 2437
What are the prime factors of 3178430?
2, 5, 31, 10253
List the prime factors of 20981081.
11, 1907371
What are the prime factors of 1786876?
2, 7, 13, 4909
What are the prime factors of 869201?
313, 2777
List the prime factors of 4302537.
3, 43, 33353
List the prime factors of 12443521.
12443521
What are the prime factors of 30791?
41, 751
List the prime factors of 28184207.
4597, 6131
What are the prime factors of 202932?
2, 3, 1879
List the prime factors of 49267.
19, 2593
What are the prime factors of 14535?
3, 5, 17, 19
List the prime factors of 1562943.
3, 520981
List the prime factors of 7826764.
2, 11, 103, 157
List the prime factors of 9738471.
3, 3246157
List the prime factors of 1476103.
53, 27851
List the prime factors of 877235.
5, 175447
List the prime factors of 434210.
2, 5, 7, 6203
List the prime factors of 7827107.
19, 23, 17911
Lis